ided by 1392?
977
What is the remainder when 386288 is divided by 218?
210
Calculate the remainder when 44360 is divided by 2773.
2765
Calculate the remainder when 23009 is divided by 32.
1
Calculate the remainder when 81303 is divided by 546.
495
What is the remainder when 2484 is divided by 475?
109
Calculate the remainder when 141247 is divided by 241.
21
What is the remainder when 8463 is divided by 197?
189
Calculate the remainder when 67324 is divided by 1530.
4
What is the remainder when 28852 is divided by 7?
5
Calculate the remainder when 2325 is divided by 140.
85
What is the remainder when 30075 is divided by 734?
715
Calculate the remainder when 763893 is divided by 24.
21
What is the remainder when 251921 is divided by 125953?
15
What is the remainder when 15745 is divided by 605?
15
What is the remainder when 55485 is divided by 544?
541
Calculate the remainder when 6706 is divided by 2087.
445
Calculate the remainder when 3368 is divided by 23.
10
What is the remainder when 958 is divided by 42?
34
What is the remainder when 17486 is divided by 710?
446
Calculate the remainder when 99538 is divided by 97.
16
What is the remainder when 49358 is divided by 172?
166
Calculate the remainder when 34767 is divided by 61.
58
Calculate the remainder when 35062 is divided by 7.
6
What is the remainder when 9652 is divided by 151?
139
Calculate the remainder when 2896 is divided by 208.
192
What is the remainder when 4581 is divided by 2285?
11
Calculate the remainder when 9124 is divided by 78.
76
Calculate the remainder when 24173 is divided by 79.
78
What is the remainder when 727 is divided by 135?
52
Calculate the remainder when 56684 is divided by 1049.
38
Calculate the remainder when 3150 is divided by 348.
18
What is the remainder when 554410 is divided by 11?
10
Calculate the remainder when 2180 is divided by 42.
38
What is the remainder when 1949 is divided by 587?
188
Calculate the remainder when 1200536 is divided by 170.
166
Calculate the remainder when 8970 is divided by 573.
375
Calculate the remainder when 1988 is divided by 42.
14
What is the remainder when 72024 is divided by 56?
8
What is the remainder when 1614 is divided by 1602?
12
Calculate the remainder when 4193 is divided by 1726.
741
Calculate the remainder when 12792 is divided by 110.
32
Calculate the remainder when 45011 is divided by 274.
75
Calculate the remainder when 30757 is divided by 111.
10
Calculate the remainder when 101742 is divided by 2826.
6
Calculate the remainder when 9436 is divided by 526.
494
What is the remainder when 23540 is divided by 1779?
413
What is the remainder when 2919 is divided by 414?
21
Calculate the remainder when 140528 is divided by 1779.
1766
What is the remainder when 33630 is divided by 16730?
170
What is the remainder when 558014 is divided by 185979?
77
Calculate the remainder when 12860 is divided by 14.
8
Calculate the remainder when 7885 is divided by 1110.
115
What is the remainder when 266516 is divided by 67?
57
Calculate the remainder when 1923 is divided by 472.
35
What is the remainder when 77719 is divided by 290?
289
Calculate the remainder when 114478 is divided by 212.
210
Calculate the remainder when 5394 is divided by 1061.
89
What is the remainder when 295720 is divided by 98557?
49
What is the remainder when 455032 is divided by 367?
319
Calculate the remainder when 18583 is divided by 540.
223
Calculate the remainder when 7258 is divided by 2070.
1048
What is the remainder when 195645 is divided by 38?
21
Calculate the remainder when 271 is divided by 266.
5
Calculate the remainder when 13891 is divided by 3386.
347
What is the remainder when 14904 is divided by 14767?
137
What is the remainder when 4115 is divided by 1025?
15
What is the remainder when 6628 is divided by 1316?
48
What is the remainder when 2490 is divided by 1091?
308
Calculate the remainder when 2959 is divided by 575.
84
Calculate the remainder when 16252 is divided by 1457.
225
What is the remainder when 150225 is divided by 14?
5
What is the remainder when 445548 is divided by 190?
188
What is the remainder when 6469 is divided by 329?
218
What is the remainder when 10464 is divided by 3480?
24
What is the remainder when 7130 is divided by 854?
298
Calculate the remainder when 175754 is divided by 9250.
4
What is the remainder when 15332 is divided by 25?
7
Calculate the remainder when 221928 is divided by 3638.
10
What is the remainder when 432155 is divided by 124?
15
What is the remainder when 28849 is divided by 145?
139
Calculate the remainder when 2172 is divided by 166.
14
What is the remainder when 1393 is divided by 356?
325
Calculate the remainder when 4993 is divided by 68.
29
What is the remainder when 169137 is divided by 3844?
1
Calculate the remainder when 2210 is divided by 11.
10
Calculate the remainder when 19227 is divided by 1068.
3
Calculate the remainder when 10765 is divided by 1193.
28
What is the remainder when 93785 is divided by 586?
25
Calculate the remainder when 433134 is divided by 184.
182
What is the remainder when 10933 is divided by 570?
103
What is the remainder when 152710 is divided by 327?
1
What is the remainder when 3101 is divided by 8?
5
Calculate the remainder when 4403 is divided by 10.
3
What is the remainder when 13990 is divided by 6975?
40
What is the remainder when 5899 is divided by 990?
949
Calculate the remainder when 3336 is divided by 223.
214
What is the remainder when 27854 is divided by 213?
164
Calculate the remainder when 4282 is divided by 590.
152
What is the remainder when 90960 is divided by 805?
800
Calculate the remainder when 20729 is divided by 6907.
8
What is the remainder when 5792 is divided by 78?
20
Calculate the remainder when 20289 is divided by 9.
3
What is the remainder when 7204 is divided by 212?
208
Calculate the remainder when 7968 is divided by 1703.
1156
What is the remainder when 16255 is divided by 326?
281
Calculate the remainder when 5731 is divided by 61.
58
Calculate the remainder when 2602 is divided by 271.
163
Calculate the remainder when 390302 is divided by 17.
16
What is the remainder when 22193 is divided by 281?
275
Calculate the remainder when 2118 is divided by 563.
429
What is the remainder when 18778 is divided by 4689?
22
What is the remainder when 377100 is divided by 281?
279
What is the remainder when 77619 is divided by 102?
99
Calculate the remainder when 8232 is divided by 3380.
1472
Calculate the remainder when 18175 is divided by 790.
5
What is the remainder when 413600 is divided by 41?
33
Calculate the remainder when 1684 is divided by 420.
4
Calculate the remainder when 1468 is divided by 25.
18
Calculate the remainder when 5557825 is divided by 561.
559
Calculate the remainder when 2980 is divided by 731.
56
What is the remainder when 101573 is divided by 33841?
50
What is the remainder when 2398 is divided by 29?
20
Calculate the remainder when 1164656 is divided by 420.
416
Calculate the remainder when 360926 is divided by 681.
677
Calculate the remainder when 13976 is divided by 1393.
46
Calculate the remainder when 29207 is divided by 423.
20
Calculate the remainder when 1894 is divided by 625.
19
What is the remainder when 1578 is divided by 609?
360
Calculate the remainder when 2432 is divided by 3.
2
Calculate the remainder when 372 is divided by 342.
30
What is the remainder when 1664 is divided by 481?
221
Calculate the remainder when 2623214 is divided by 2197.
2193
Calculate the remainder when 5583983 is divided by 28.
27
What is the remainder when 2296 is divided by 592?
520
What is the remainder when 1803 is divided by 105?
18
What is the remainder when 2957 is divided by 426?
401
Calculate the remainder when 10333 is divided by 90.
73
Calculate the remainder when 1515 is divided by 67.
41
What is the remainder when 22137 is divided by 17?
3
Calculate the remainder when 5525 is divided by 28.
9
Calculate the remainder when 15694 is divided by 352.
206
Calculate the remainder when 83739 is divided by 4.
3
Calculate the remainder when 947 is divided by 124.
79
What is the remainder when 18352 is divided by 38?
36
Calculate the remainder when 43245 is divided by 378.
153
What is the remainder when 4317